 value of -5 + 6 + -3 - -7?
5
What is the value of -2 + (9 - -12) + -11?
8
What is (-12 - -9) + -5 + 6?
-2
Evaluate (3 - (-6 + -7 - -2)) + -6.
8
Evaluate -5 + -1 - ((26 - 5) + -19).
-8
What is (-2 - (-1 + 0)) + (-18 - -15)?
-4
-3 + (2 - 5) - 2
-8
What is 9 + -4 + -10 + (1 - -6)?
2
What is 0 + 3 + 1 + (-9 - -1)?
-4
Calculate (-8 - -18) + -2 + 10 + -8.
10
What is -22 + 11 - -4 - (-6 + 2)?
-3
-3 + (14 - (11 - 4))
4
What is (3 - -8) + -21 + 18?
8
Evaluate 9 - 7 - (0 - -2).
0
Evaluate (9 + -9 - -14 - 8) + -7.
-1
What is the value of (6 - -1) + (10 - 21) + 11?
7
Evaluate 3 - (-11 + 2) - 5.
7
Evaluate -14 + 7 + (3 - 3).
-7
Evaluate (0 - -6) + (-6 - (-21 - -13)).
8
What is the value of 6 + (-3 - 1) + 0 + -2?
0
What is the value of 8 + (-3 - (-2 - -6 - 3))?
4
-164 + 157 - (0 + -1 - 15)
9
What is 2 + -2 - (24 + -24)?
0
-12 + 6 - (-4 + 4)
-6
1 - 2 - (0 - (3 - 0))
2
Calculate 0 + -2 + -3 + 8 + 3.
6
What is -2 + 4 + -7 + 5 + -3?
-3
What is the value of (-84 - -89) + (1 - 1)?
5
Evaluate 4 + (-2 - 1) + 4.
5
What is the value of -5 + 4 + -5 + 4?
-2
What is the value of -6 + 0 + 7 - 1?
0
-2 - (3 - 0) - -3
-2
What is 0 + 7 + -3 + (1 - 1)?
4
(7 - (-7 + 5)) + -17
-8
0 - 0 - (-1 + -2) - -2
5
Evaluate 8 + -4 + -3 - 2 - 0.
-1
What is -2 - (-1 - (0 - 4))?
-5
What is 11 - 0 - (-16 - -22)?
5
Calculate (-4 - -3) + 2 + 4.
5
What is (0 - 4) + 11 - (0 + 1)?
6
What is -4 - ((6 - 4) + -18 - -5)?
7
What is 1 + (7 - 1) + -2?
5
Calculate -3 - 2 - (-1 + -1).
-3
What is the value of -1 + -2 + (4 - (1 - 0))?
0
Evaluate -35 + 30 - (5 + -1) - -5.
-4
What is the value of -5 - (-14 + 4 + 2)?
3
Calculate -4 + (6 - (-2 + 7) - -2).
-1
Calculate 0 - (-4 - (-5 + 5 - -1)).
5
What is the value of -5 - ((12 - 9) + 4 + -5)?
-7
What is -1 + -6 + (-15 - (-23 - -6))?
-5
What is the value of (0 + -9 - -3) + 4?
-2
Calculate (-10 - 0) + 9 - 7.
-8
Evaluate -2 - (0 + 4) - -10.
4
What is the value of (-2 - -7) + -5 - 2?
-2
What is -2 + 7 + -6 + -4?
-5
Calculate -6 + 8 + -5 + -2.
-5
Calculate 0 - (-5 - (-5 - -2)).
2
1 + (-1 - -2) + (-14 - -10)
-2
9 - (5 + (1 - 1)) - -2
6
What is the value of (0 - (-4 - (0 + -2))) + 0?
2
Evaluate -8 + 4 + -2 + -2 + 7.
-1
What is 0 + 3 - (39 - 39)?
3
Evaluate -1 + -10 + (50 - 38).
1
-6 + -1 + (13 - (14 + -5))
-3
What is (8 - 10) + (7 - 2)?
3
Calculate -27 - -31 - (1 + 4 + 1).
-2
Evaluate 6 + (-3 - -4) - 8.
-1
Calculate 6 - (-1 + 9) - -5.
3
What is the value of 5 - (-7 + 4 + 10)?
-2
-7 + (8 - -3 - 8)
-4
What is (0 - 7) + -6 + (-5 - -11)?
-7
9 + -1 + (60 - 68)
0
What is -1 + 8 - 8 - -4?
3
Calculate (0 - -2) + -12 + 16 + -4.
2
Evaluate -3 + 2 - (29 + -24).
-6
25 - 25 - (4 - 0)
-4
What is -1 + 12 - (-36 + 40)?
7
What is -5 + (1 + -5 + 6 - -2)?
-1
Calculate -3 + (-4 - ((-1 - 1) + -7)).
2
What is the value of 6 - ((-5 - -2) + 6 + -2)?
5
3 - (11 + -3 - (-1 + 4))
-2
What is the value of 10 - 4 - (0 + 6)?
0
What is -2 + 18 + -2 + -9?
5
What is 2 - 4 - (7 + -9)?
0
(-2 - 0) + -1 + 5
2
What is -11 + 7 + 12 + (-6 - 0)?
2
What is the value of -6 - (-14 + 5 - -5)?
-2
Calculate 167 - 163 - (3 - (-1 + 1)).
1
Calculate (-2 - 2) + (-4 - (-1 + -1)).
-6
Calculate 3 + (-3 - (8 - 3)).
-5
6 + (-3 - (4 - (3 - 0)))
2
Evaluate 1 + -2 + 9 + -5 + 1.
4
Evaluate 4 + (-8 + 6 - 4).
-2
(1 - -5) + 4 + (8 - 12)
6
Calculate (-2 - -3 - 7) + 12 + -14.
-8
What is the value of 3 - -1 - (-4 + 3 - 0)?
5
What is -5 + 2 + (3 - (1 + 2))?
-3
Evaluate (8 + -18 - -1) + 5.
-4
Calculate (-4 - -4 - 1 - 1) + 0.
-2
Calculate -2 - -4 - (-1 + -2 + 5).
0
Calculate 6 - ((4 - 15) + 12).
5
Evaluate 1 - (3 - (0 - (-1 - 4))).
3
What is 5 - ((-10 - (5 - 13)) + 0)?
7
0 + 4 + (0 - 2) + -3
-1
Calculate (10 - 12) + (-1 - (0 - -1)).
-4
What is (1 - (-4 - -13)) + (-3 - -3)?
-8
What is the value of (5 - (-4 - 1)) + -6 + 0?
4
Evaluate 1 + 8 - (33 + -27).
3
1 + -3 + (1 + -3 - -4)
0
What is 8 + (12 - 16) + (0 - 10)?
-6
What is the value of 4 - (22 + (-8 - 2))?
-8
What is -3 - ((-1 - 7) + 7)?
-2
Evaluate 128 + -125 + -1 + -4.
-2
(-5 - -2 - -1) + 2
0
-7 - (-19 + 5) - 6
1
What is 8 + -7 - (2 + -1)?
0
What is the value of -8 + 13 + -6 - -8?
7
Calculate 0 + -5 + (1 - 0 - -1).
-3
What is the value of 1 - (1 + -3 + (-1 - -4))?
0
What is the value of -6 + -6 + 10 + 2?
0
Evaluate -4 - 0 - (0 + 2).
-6
What is the value of (1 + 6 - 6) + 2 + -3?
0
What is the value of -17 + 22 + (1 - 2)?
4
What is -9 + 9 - (-3 - 1)?
4
Evaluate 2 + (-7 - -15) + -6.
4
-3 - -3 - (1 - -1)
-2
Calculate -4 + (16 - 4) + -3.
5
1 + (-1 - (-3 - 0))
3
What is the value of -8 - (-8 + 3 + -1 + 3)?
-5
Evaluate 8 + 2 + (6 - 9).
7
What is 5 - (2 + -3 + 8 - 1)?
-1
What is -3 + 3 - (10 - 9)?
-1
What is -3 - (2 + -3 + 4)?
-6
What is (0 - -2) + (1 - -2) - 1?
4
Evaluate -4 - ((-6 - -1 - 3) + -1).
5
Evaluate 1 - (7 + -15) - -1 - 8.
2
Calculate 3 - ((5 - 6) + (6 - 5)).
3
What is 12 + -6 - 8 - (3 + 0)?
-5
What is the value of 3 - (-7 + 11 + 0)?
-1
Calculate 6 - (-4 - (-9 - -2)).
3
Calculate -3 + -4 + -3 + (1 - -10).
1
What is (-1 + -2 - (0 + -3)) + 2?
2
-3 - (-5 + (-3 - -5))
0
0 + (1 - 3) + 5 + -4
-1
What is (3 - -1) + (-7 - -5)?
2
1 + (-4 - (0 - 1))
-2
What is the value of 2 - (18 - 8) - (3 + -19)?
8
What is the value of (-9 - -10) + (-6 - 1)?
-6
Calculate 3 + -1 - (0 + (3 - 4)).
3
What is 1 + -6 + 2 + (-19 - -21)?
-1
Calculate 7 - 9 - -5 - 0.
3
What is the value of -5 + -5 + (12 - 5 - 0)?
-3
Calculate -6 - (8 - (3 - -3)).
-8
Evaluate 3 - ((-4 - -6) + 3).
-2
Calculate (18 - 19) + 1 + (-1 - 4).
-5
-14 + 10 + (1 - -2) - 0
-1
What is 23 + -30 + (1 + -1 - -3)?
-4
-9 + 2 - (10 - 23)
6
What is -66 + 71 - (6 - 1)?
0
What is (-5 + 1 - -2) + 3?
1
1 + 1 - (-3 + 1)
4
What is 13 - 4 - 6 - 4?
-1
Calculate -2 + 1 + -2 + 2 + -2.
-3
7 + -9 + 5 + 4
7
Calculate 9 + 4 + -5 + -8.
0
Evaluate -6 + 12 + (-2 - 7).
-3
Calculate -3 + (-3 - ((1 - 5) + 3)).
-5
Calculate 25 + -20 - (-6 - -4 - -6).
1
What is the value of (65 - 69) + (3 - -1)?
0
What is the value of 0 - -2 - (1 - (-1 - -3))?
3
What is -15 - (1 + -2) - (-179 - -173)?
-8
What is -1 + (-4 - (1 + 3) - -4)?
-5
Evaluate (-6 - 1) + 5 + 4.
2
What is the value of -2 - -5 - (2 - 2)?
3
What is -1 + -3 + 4 - (0 - -2)?
-2
What is the value of 4 - 2 - 3 - (-24 + 24)?
-1
Evaluate 3 + -3 - 5 - (5 + -9).
-1
Calculate 9 + -1 + (7 - 11).
4
Evaluate (-2 - (3 + 5)) + 5.
-5
What is the value of 1 + (-2 - -4) + 0?
3
Evaluate 7 - 11 - (-1 + -1).
-2
Calculate (-3 - -6) + -1 + -2.
0
Calculate -2 - ((7 - 0) + -4).
-5
0 + (2 - (0 + 0)) + -6
-4
What is the value of 1 + (3 - 0 - (1 - 4))?
7
(-8 - -5) + -5 + 4
-4
What is -8 - ((2 - 2) + (-3 - 0))?
-5
Evaluate (-4 - 8) + 9 - (2 + -5).
0
-2 + -8 + 8 + 8
6
What is the value of (-7 - (1 + -3)) + -3?
-8
Calculate (10 + -14 - -2) + -2 + 3.
-1
What is the value of (-1 + 0 - 5) + (1 - -3)?
-2
What is the value of -3 - (0 - (-3 + (-4 - -7)))?
-3
-3 - ((-3 - -3) + -7 + 2)
2
-4 + 3 - (-3 + (-9 - -2))
9
What is -2 + 3 + 1 + (10 - 12)?
0
What is the value of 4 + (0 - 5) + -4?
-5
Calculate -12 - -9 - (3 - 6).
0
Evaluate (-2 - (3 + -5)) + 1.
1
-7 + 1 + 13 - 12 - -3
-2
Evaluate -1 - (-1 - (1 - 0)).
1
Calculate -4 + -11 + (-8 - -16).
-7
Calculate (0 - (1 - -1) - -4) + 3.
5
What is the value of 2 - (-1 + 7 - 3)?
-1
What is the value of -3 + -1 + (1 - 0)?
-3
Evaluate 3 - (1 + (3 - (1 - -2))).
2
What is the value of 14 - (10 + -5 + 3)?
6
Evaluate (-44 - -49) + -5 + 0.
0
What is the value of -2 - -3 - (-15 - -6)?
10
What is the value of 1 + (-16 - (-2 + -4) - -4)?
-5
What is the value of -8 - (3 + 4 + -14)?
-1
Evaluate 0 + 2 + (4 - -1) + -10.
-3
What is 2 + 6 - (3 + -1)?
6
What is the value of 1 + (-2 + -4 + 4 - -2)?
1
What is -7 - (1 - 7 - (-3 - -4))?
0
Calculate 3 - 1 - (-4 + 3).
3
What is 12 + 5 - (-23 + 32)?
8
Calculate (3 - (-2 - -1)) + (-2 - -2).
4
Evaluate 8 - (7 + 8 + -3).
-4
What is the value of 1 - 1 - (-1 - -1)?
0
What is the value of 1 - ((-2 - (5 - 3)) + 0)?
5
What is -6 + (4 - 2) - 0?
-4
What is the value of -1 + (-1 - 2 - -1)?
-3
Calculate (-3 - -2) + 1 + 3 + -2.
1
Evaluate 0 - (8 + -10 - (-1 - 5)).
-4
Calculate 1 + -3 + (19 - 25).
-8
Evaluate 6 + (1 - 8) + (0 - -3).
2
Calculate (68 - 64) + (1 - 0).
5
Evaluate (0 - 0) + (5 + 6 - 5).
6
What is -43 + 37 + -1 + 4?
-3
What is the value of -3 + 11 + -6 + -8?
-6
Calculate -6 + -5 + 10 + -4.
-5
0 + (15 - (11 + -1 + -2))
7
Evaluate (-5 - -1) + 1 - (0 + 3).
-6
What is 3 - (0 - (-2 - -2) - 1)?
4
Wha